e p(-7).
-159
Let h(b) = 2*b**2 + 272*b + 3631. Give h(-121).
1
Let s(b) = 1696*b + 59363. Calculate s(-35).
3
Let d(p) = 2330*p + 3. Calculate d(0).
3
Let p(b) = 367*b + 37420. Determine p(-102).
-14
Let k(t) = t**3 + 91*t**2 + 810*t + 2. What is k(-81)?
2
Let n(h) = 3*h**2 - 24*h + 18. Give n(6).
-18
Let l(b) = 3*b**2 - 84*b - 863. Calculate l(-8).
1
Let j(r) = -2*r**3 + 228*r**2 + 207*r + 2636. Give j(115).
-9
Let y(o) = 6*o**2 + 8*o - 74. Give y(3).
4
Let p(n) = -n**3 + 18*n**2 - 38*n + 88. Give p(16).
-8
Let c(j) = -2*j**3 - 4*j**2 + 9*j + 21. Calculate c(-5).
126
Let l(s) = 3*s**2 + 11*s - 20. Give l(5).
110
Let g(a) = -2007*a - 2042. Determine g(-1).
-35
Let d(q) = 15*q - 260. Give d(21).
55
Let k(b) = -25*b**3 - 419*b**2 + 100*b - 28. Give k(-17).
6
Let c(t) = -t**3 - 20*t**2 + 128*t + 103. What is c(-25)?
28
Let p(h) = -2*h**2 + 14*h - 2. What is p(-6)?
-158
Let v(b) = 170*b**3 - 2*b**2 - 5*b - 1. What is v(-1)?
-168
Let p(m) = -m**2 - 29*m + 174. Give p(-23).
312
Let u(p) = p**3 - p**2 - 111*p. Give u(11).
-11
Let k(n) = 9*n - 172. Calculate k(16).
-28
Let d(m) = -145*m**2 + 463*m - 80. Determine d(3).
4
Let d(x) = 14*x**2 - 335*x + 53. What is d(24)?
77
Let p(z) = 41*z - 786. What is p(33)?
567
Let t(p) = 2*p**3 - 29*p**2 - 8*p - 100. Calculate t(12).
-916
Let n(s) = 7*s**3 + 50*s**2 + 39*s - 11. Calculate n(-6).
43
Let g(j) = -3*j**3 + 12*j + 16. What is g(-2)?
16
Let i(w) = -8*w**3 + 296*w**2 - 2*w + 68. What is i(37)?
-6
Let d(a) = 3*a**3 + 4*a**2 - 200*a + 67. What is d(-9)?
4
Let p(o) = -o**3 - 20*o**2 - 33*o - 2. What is p(-17)?
-308
Let l(b) = -127*b - 122. Determine l(-3).
259
Let p(r) = -r**3 + 7*r**2 + 20*r + 7. Give p(8).
103
Let d(w) = -92*w - 2859. Determine d(-25).
-559
Let z(k) = -21*k**3 + 2*k**2 + 54*k - 171. What is z(3)?
-558
Let u(f) = -7*f - 150. Calculate u(13).
-241
Let j(z) = -2*z**2 - 3355*z + 23595. Calculate j(7).
12
Let o(p) = 227*p - 5647. Give o(25).
28
Let m(t) = -203*t + 84. Give m(2).
-322
Let y(o) = -o**2 + 24*o - 101. What is y(16)?
27
Let p(d) = -d**3 - 22*d**2 - 35*d + 117. Give p(-20).
17
Let f(j) = 253*j - 17. Determine f(0).
-17
Let f(x) = -x**2 + 33*x - 41. Determine f(31).
21
Let d(h) = h**2 - 33*h + 158. Give d(26).
-24
Let k(y) = y**3 - 3*y**2 - 53*y - 10. Give k(0).
-10
Let k(l) = 582*l + 17461. What is k(-30)?
1
Let x(k) = k**2 - 71*k + 731. Calculate x(13).
-23
Let c(x) = 126*x + 22. Calculate c(-2).
-230
Let w(z) = -2*z**2 - 915*z - 1825. Determine w(-2).
-3
Let n(o) = o**3 + o**2 - 9*o + 56. Give n(-5).
1
Let d(a) = 16*a**2 + 237*a + 227. Calculate d(-1).
6
Let i(c) = 530*c**2 - 29*c + 29. Calculate i(1).
530
Let y(u) = u**2 - 27*u + 618. Calculate y(33).
816
Let k(g) = -473*g + 45. Determine k(0).
45
Let z(x) = 3*x**3 + 33*x**2 + 7*x - 40. What is z(-11)?
-117
Let i(d) = d**2 - 27*d + 294. What is i(27)?
294
Let y(d) = -d**3 + 17*d**2 - 18*d - 206. Determine y(15).
-26
Let w(y) = -22488*y + 134928. Determine w(6).
0
Let q(r) = 4*r**2 - 141*r - 1034. What is q(-7)?
149
Let y(i) = 8*i + 497. Determine y(-58).
33
Let f(v) = 36*v**2 - 89*v + 37. What is f(3)?
94
Let o(t) = 6*t**2 - 166*t - 374. Give o(30).
46
Let v(x) = x**3 - 7*x**2 + 11*x - 70. Give v(5).
-65
Let d(q) = 424*q - 810. What is d(4)?
886
Let k(l) = l**3 - 2*l**2 - 3*l - 24. What is k(5)?
36
Let m(v) = -v**3 - 21*v**2 + 49*v - 11. Give m(-23).
-80
Let z(t) = -106*t + 291. Give z(3).
-27
Let v(b) = 744*b + 52082. What is v(-70)?
2
Let n(m) = -13*m + 421. What is n(32)?
5
Let x(a) = 154*a - 8626. Determine x(56).
-2
Let p(v) = -22*v - 182. Give p(-13).
104
Let u(g) = 236*g + 1415. Give u(-6).
-1
Let s(h) = 10*h**2 - 788*h - 153. Determine s(79).
5
Let n(y) = y**3 + 10*y**2 - 16*y - 160. Give n(-9).
65
Let y(w) = 94*w + 6228. Give y(-66).
24
Let d(h) = -h**2 + 214*h - 836. Determine d(4).
4
Let t(w) = -4*w**2 + 8*w - 16. Give t(2).
-16
Let n(d) = -99*d - 611. Give n(-7).
82
Let z(n) = n**2 - 7*n + 4. Calculate z(6).
-2
Let h(k) = -3885*k + 15545. Calculate h(4).
5
Let s(a) = -23*a + 46. Calculate s(9).
-161
Let q(s) = s**3 - 3*s**2 - 99*s + 47. Give q(-9).
-34
Let n(y) = -987*y + 15798. Calculate n(16).
6
Let a(h) = -h**3 - 15*h**2 + 39*h + 115. Calculate a(-17).
30
Let f(i) = -10*i. Give f(6).
-60
Let z(g) = 21*g - 952. Determine z(46).
14
Let i(b) = -157*b**3 - b**2 - 17*b - 17. What is i(-1)?
156
Let t(u) = -u**3 - 14*u**2 + 36*u + 42. Calculate t(-16).
-22
Let f(k) = 83*k - 4285. Give f(52).
31
Let h(b) = -31*b**2 - 17*b + 5. Calculate h(3).
-325
Let c(g) = g**3 + 38*g**2 + 185*g - 26. Give c(-6).
16
Let p(a) = -14*a**2 + 98*a - 31. Determine p(7).
-31
Let m(k) = 6*k**2 + 43*k + 62. Give m(-6).
20
Let m(z) = -12*z + 490. What is m(16)?
298
Let c(w) = -w**2 - 65*w + 163. Give c(-66).
97
Let d(l) = 6*l**2 - 13*l - 137. Determine d(6).
1
Let d(a) = -28437*a - 170622. Calculate d(-6).
0
Let f(u) = -28*u - 99. Determine f(-3).
-15
Let t(w) = -58*w**2 - 1286*w - 241. Calculate t(-22).
-21
Let w(c) = 419*c - 412. What is w(1)?
7
Let c(d) = d**2 - 16*d + 32. Calculate c(10).
-28
Let p(n) = n**3 + 11*n**2 + 3*n + 35. Determine p(-11).
2
Let b(g) = -30*g - 2207. Calculate b(-79).
163
Let w(d) = d**3 + 12*d**2 + 23*d + 90. Determine w(-11).
-42
Let t(j) = j**3 - 13*j**2 - 10*j + 26. Determine t(13).
-104
Let o(i) = i**2 - 70*i - 78. Give o(71).
-7
Let m(k) = -13*k + 457. Determine m(34).
15
Let v(w) = -w**2 - 33*w - 146. What is v(-7)?
36
Let m(g) = 2*g + 19. Give m(-85).
-151
Let j(b) = b**2 + 33*b + 54. What is j(-33)?
54
Let j(u) = 7*u - 70. Determine j(12).
14
Let k(p) = p**2 + 140*p - 661. What is k(5)?
64
Let w(y) = y**2 - 20*y + 82. Calculate w(14).
-2
Let m(i) = 3*i - 133. Calculate m(23).
-64
Let t(b) = -3*b**2 - 4*b - 5. What is t(-2)?
-9
Let x(f) = -322*f - 689. Determine x(-2).
-45
Let z(b) = -241*b + 1778. Give z(8).
-150
Let c(o) = -29*o - 425. Calculate c(-8).
-193
Let j(p) = 2*p**3 - 39*p**2 + 105*p - 912. Calculate j(18).
6
Let v(l) = -2023*l - 16197. Give v(-8).
-13
Let g(r) = 3*r**2 - 10*r. Give g(-4).
88
Let r(c) = 1235*c + 9889. Determine r(-8).
9
Let d(z) = 467*z - 15412. Determine d(33).
-1
Let v(j) = 149*j - 747. What is v(5)?
-2
Let f(u) = u**3 + 12*u**2 - 18*u - 138. Calculate f(-5).
127
Let j(t) = t**3 - 5*t**2 - 340*t - 65. Determine j(-16).
-1
Let h(b) = -61*b + 165. Determine h(4).
-79
Let g(u) = 283*u - 14728. Give g(52).
-12
Let o(c) = c**3 - 9*c**2 - 8*c + 52. Calculate o(9).
-20
Let n(q) = -q**2 - 439*q - 23061. Determine n(-61).
-3
Let g(k) = 2*k**3 + 47*k**2 + 48*k - 404. Calculate g(-22).
-8
Let x(c) = c**3 - 22*c**2 - 3133*c - 221. Calculate x(-46).
9
Let t(b) = -b**2 + 279*b + 7940. Determine t(-26).
10
Let c(v) = 3*v**2 - 39*v - 135. Calculate c(-14).
999
Let s(n) = 10420*n + 31255. Determine s(-3).
-5
Let i(m) = -2*m**2 - 49*m - 261. What is i(-16)?
11
Let r(d) = -17*d - 537. Give r(-34).
41
Let f(m) = -2*m**3 + 221*m**2 + 100*m + 1221. Determine f(111).
0
Let s(i) = -3*i**3 - 7*i**2 - 24*i - 89. Determine s(-3).
1
Let f(c) = 1248*c + 6148. What is f(-5)?
-92
Let q(s) = s**3 - 8*s**2 - 3*s + 27. Calculate q(8).
3
Let k(m) = -94*m**2 - m + 3. Determine k(1).
-92
Let r(n) = 12*n + 90. Calculate r(-29).
-258
Let d(h) = -50*h**3 - 11*h**2 - 9*h + 3. What is d(-2)?
377
Let a(n) = -34*n + 376. Give a(11).
2
Let n(k) = 3*k**2 + 26*k - 9. Determine n(-13).
160
Let s(p) = 463*p - 1417. Calculate s(4).
435
Let a(t) = 67*t - 1944. Give a(29).
-1
Let a(t) = t**3 - 17*t**2 - 94*t + 1791. What is a(16)?
31
Let v(u) = -22*u + 1578. What is v(65)?
148
Let o(v) = -46*v**2 + 323*v - 9. Determine o(7).
-2
Let x(n) = 19*n**2 + 179*n + 97. Calculate x(-9).
25
Let b(k) = -513*k - 3599. Give b(-7).
-8
Let q(y) = -22*y**2 - 306*y - 4. Determine q(-14).
-32
Let r(u) = u**3 + 11*u**2 - 39. What is r(-8)?
153
Let h(f) = -994*f - 4927. Determine h(-5).
43
Let o(v) = -2*v**3 + 25*v**2 - 42*v + 11. Determine o(8).
251
Let y(x) = 31*x**2 - 165*x + 21. Determine y(6).
147
Let d(l) = 2*l**2 - 207*l - 586. Determine d(105).
-271
Let v(u) = -3*u**2 - 51*u + 8. Determine v(-18).
-46
Let d(s) = -s**3 - 15*s**2 + 886*s + 7537. Give d(-8).
1
Let d(i) = -151*i - 1824. Give d(-12).
-12
Let m(b) = -21*b + 621. What is m(45)?
-324
Let t(n) = 2*n**3 - 12*n**2 + 16*n - 1. Determine t(3).
-7
Let m(x) = -20*x + 79. What is m(4)?
-1
Le